 + a. What is the hundreds digit of m?
2
Let t = -3677 - -7252. What is the hundreds digit of t?
5
Let p(l) be the first derivative of 8*l**2 + 46*l - 28. What is the hundreds digit of p(4)?
1
Suppose -29*w = -38*w + 27. Suppose w*o - 3689 = r, 5*o + 3*r - 883 = 5270. What is the thousands digit of o?
1
Let y = -10378 - -18746. What is the hundreds digit of y?
3
Suppose 0 = x - 3, -5*b + 3*x - 8*x = -35180. What is the tens digit of b?
3
Let v(t) = 57*t**2 + 64*t - 405. What is the thousands digit of v(10)?
5
Let m(k) = 2*k**3 + 12*k**2 - 19*k + 6. Let u(f) = -f**3 + f**2 + f. Let p(x) = -m(x) - 3*u(x). Let o be p(13). Let y = -87 - o. What is the units digit of y?
9
Let s(q) be the first derivative of 311*q**3/3 + 7*q**2/2 + 7*q + 9. What is the tens digit of s(-1)?
1
Suppose -54*m = -45*m. Suppose r = -4*l + 2066, -l - 2*r + 222 + 291 = m. What is the tens digit of l?
1
Suppose 4*z + 3815 = 5*a - 12407, 2*a - 6478 = -2*z. What is the units digit of a?
2
Let h = 30567 + -19965. What is the units digit of h?
2
Let d = -194 - -181. Let g(r) = 2*r + 35. What is the units digit of g(d)?
9
Let d(t) be the third derivative of -t**5/30 + t**4/12 - 11*t**3/6 - 13*t**2. Let c be d(6). Let k = 146 + c. What is the units digit of k?
5
Suppose -29 + 14 = -5*m. Let g be (m + 3)/(-3)*19/2. Let s = 173 + g. What is the hundreds digit of s?
1
Let i be 4 - 68/18 - (-4)/(-18). Suppose 22*g - 17*g - 2155 = i. What is the hundreds digit of g?
4
Suppose -5*d = -5*w - 139580, 3*d + 1208*w = 1204*w + 83769. What is the tens digit of d?
1
What is the hundreds digit of (((-98)/343)/((-4)/139454))/((-1)/(-3))?
8
Let v be (-250)/300 - (-1)/(-6). What is the units digit of v/(((-3)/(-6))/(906/(-4)))?
3
Suppose 0 = -2*c - 5*t + 22296, -7*c + 5*t = -4*c - 33519. What is the thousands digit of c?
1
Suppose -4*n = -5*p + 62, 27 = 3*p - 0*p + n. What is the units digit of ((-34)/(-4))/(p/1240)?
4
Suppose -10*t + 4*k = -14*t + 62456, -2*k = 5*t - 78076. What is the tens digit of t?
1
Suppose c + 17 = -3*m + 130, -5*m - 3*c + 187 = 0. Suppose 8*r - 63204 = -m*r. What is the hundreds digit of r?
3
Let z(j) = 9*j**2 - 4*j + 1. Suppose -24 = -26*d + 22*d. Let f(t) = -10*t**2 + 4*t - 1. Let k(h) = d*f(h) + 7*z(h). What is the tens digit of k(6)?
8
Let h = -16122 - -23574. What is the thousands digit of h?
7
Let x(m) = -2*m - 27. Let o(a) = -a - 25. Suppose -3*p - 21 = -3*h, h + 2*h = 4*p + 24. Let g(l) = h*x(l) - 5*o(l). What is the units digit of g(0)?
7
Let x = 53 - 44. Suppose 2*u = -a + 3, -u + 2*u + 3*a = x. Suppose -3*y + u*y + 15 = 0, -2*y - 845 = -5*g. What is the units digit of g?
1
Let b(x) = x**3 + 3*x**2 - 8*x + 7. Suppose 56 = 10*s - 2*s. Let k be b(s). Suppose -3*i + 12*i = k. What is the tens digit of i?
4
Let l be ((-90)/(-40))/(21/(-8))*-42. Suppose -l*c + 667 = -13*c. What is the tens digit of c?
2
What is the thousands digit of (-39)/6*(-60)/(-195) - -4970?
4
Let r(i) = 533*i**2 + 3*i. Let j be r(-1). Suppose -3*x + 296 = y - j, -4*x = y - 1102. What is the tens digit of x?
7
Suppose 38*a - 1334520 = -203*a + 6062734. What is the hundreds digit of a?
6
Suppose 0 = 50*p - 11*p - 273. Suppose 5150 = p*u - 1990. What is the thousands digit of u?
1
Let u(b) = 128*b + 2. Let i = 73 + -69. Let s(z) = z**3 - 5*z**2 + 5*z - 3. Let h be s(i). What is the hundreds digit of u(h)?
1
Let z be (-5)/20*6*10/(-3). Let o(s) = 14*s**2 + 20*s - 74. What is the hundreds digit of o(z)?
3
What is the ten thousands digit of -582*2/(((-3)/(-4))/(2385/(-240)))?
1
Let z be 29 + (4 - 1 - 4). Let i be (2*1)/(z/(-70)). What is the units digit of i*(-116)/6 - 3/(-9)?
7
What is the units digit of (-24)/(-18) + 58101/9?
7
Let d = -39293 + 42520. What is the thousands digit of d?
3
Let y = -31 + 32. Let z be (-16)/(-5 + 1) - y. Suppose z*r = 4*r - 86. What is the tens digit of r?
8
Suppose 0 = 2*c - 4*a - 196, -a - 299 = -5*c + 2*c. Suppose 37*i = 2807 + 6813. Let z = i - c. What is the hundreds digit of z?
1
Let g = 137 - 72. Let b = -62 + g. Suppose 75 = h + 2*u, 3*h - 71 = b*u + 109. What is the tens digit of h?
6
Suppose -4*y - 23 = -3, 5*y + 37 = -3*b. Let i be (-2)/((b/(-3))/((-104)/(-12))). Let l = 68 + i. What is the tens digit of l?
5
Let a(o) = -o**3 + 48*o**2 + 341*o + 62. What is the tens digit of a(49)?
7
Let t(l) = 7*l**3 + 2*l**2 + l. Suppose -3*g = -4 + 16. Let v(s) = s**3 + 4*s**2 - 3*s - 10. Let i be v(g). What is the units digit of t(i)?
6
Let o = -156 + 162. Suppose o*c - 920 = 76. What is the tens digit of c?
6
Let m(p) = -5*p**3 - 31*p - 4. Let s(o) = 2*o**3 - 3 - 1 - o**3 + 8*o + 5. Let z(q) = 2*m(q) + 9*s(q). What is the units digit of z(-5)?
6
Let y(s) = 5*s**3 - s**2 + s - 1. Let z be y(1). Let c(w) = w**2 - 10*w + 13. Let o be c(5). What is the tens digit of (z + (-33)/(-12))*(0 - o)?
8
Let p(k) = -4*k**3 - 26*k**2 + 7*k - 949. What is the thousands digit of p(-22)?
8
Let m(q) = -1218*q - 537. What is the ten thousands digit of m(-11)?
1
What is the thousands digit of (-2487)/(((-72)/316)/6)?
5
Suppose -4*y + 3*n + 27 = 0, -2 = 3*y - 2*y + n. What is the units digit of (y/6)/(6/13620)?
5
Let f(b) = 12*b + 10. Let j be f(-5). Suppose 5*v = -3*p - 252, 1 = p + 5*v + 95. Let c = j - p. What is the units digit of c?
9
Suppose -19*l = -42*l - 34*l + 30153. What is the units digit of l?
9
Suppose -3*d + 57 = j, 4*d + 4*j + 51 = 127. Let a = 367 + d. What is the tens digit of a?
8
Suppose -4*s + 172568 = 2*d, -d = 3*s - 121621 - 7802. What is the tens digit of s?
3
Let u = 593 + -428. What is the units digit of 6/(-12)*u/(-2)*4?
5
Suppose -81*s - 32 = -79*s. Let f = -12 - s. What is the tens digit of 874/f - -1 - 2/(-4)?
2
Suppose -2*z = 2*g - 7388, g + 3*z - 710 - 2976 = 0. What is the units digit of g?
8
Let c = -4790 - -8985. What is the thousands digit of c?
4
Suppose -9153 = 363*w - 366*w. What is the thousands digit of w?
3
Let p = -5 - 1. Let v be (-50)/(((-60)/(-25))/p). Suppose v + 79 = 4*x. What is the tens digit of x?
5
Suppose f = -3, -4*h - 152*f + 36125 = -151*f. What is the units digit of h?
2
Let b(k) = -2*k + 13. Let h(c) = -1. Let n(y) = -b(y) - 5*h(y). Let a = 10 + -3. What is the units digit of n(a)?
6
Let a = 738 + -734. Suppose 0 = -m - 1 + 4. Suppose -d + 126 + 125 = m*h, 101 = h - a*d. What is the tens digit of h?
8
Suppose i - 5*i + 18 = -a, -4*a + 13 = i. Suppose 4*l - 882 = -i*l. Suppose -23*r + 25*r - l = 0. What is the tens digit of r?
4
Let n(q) = 18*q - 9. Let o(s) = -s**3 + 20*s**2 - 37*s + 26. Let v = -59 + 77. Let d be o(v). What is the tens digit of n(d)?
3
Let l = -49 + 52. Suppose -b + 12 = -l. What is the units digit of (-5*b)/(-2 + (-1)/(-2))?
0
Let u(k) = 3*k + 50. Let t be u(-17). Let h be (130/30)/(t/(-3)). Suppose 0 = h*y - 9*y - 28. What is the units digit of y?
7
Suppose -3*f - 35 = -8*f. Suppose 0*r = f*r - 21. Suppose 4*g = -c + r*g + 12, -c + 12 = 2*g. What is the tens digit of c?
1
Suppose -2*j - 5*i + 50575 = 0, -9*j - i - 75939 = -12*j. What is the hundreds digit of j?
3
Let y be 43 + 2 + 1 + -1. Suppose 0 = 2*g - y - 183. Suppose 3*j = 6*j - g. What is the units digit of j?
8
Let d = 59336 - 39399. What is the units digit of d?
7
Let f(k) = -2*k**2 + 53*k - 22. Let w be f(26). Let x(r) = -2*r**3 + 3*r**2 + r - 1. Let t be x(w). Let i = t + 83. What is the units digit of i?
6
Suppose -p + 5*g = -0*p - 2027, 0 = -4*p + 2*g + 8036. Let j = p - 577. What is the units digit of j?
0
Suppose -v + 182131 - 69474 = 3*j, -2*v = 2*j - 75102. What is the ten thousands digit of j?
3
Suppose 8*m + 2*q - 28 = 4*m, 42 = 5*m - q. Let f(g) = g**2 - 17*g + 75. Let u be f(m). Suppose -3*d - s = -660, u*s + 3 = 4*s. What is the tens digit of d?
1
Let r(v) = v**3 + v**2 + 4*v. Let n(p) = 2*p**3 + 5*p. Let b(x) = -2*n(x) + 3*r(x). Let l be b(-1). What is the units digit of 700/(-30)*(-3)/l - 2?
3
Suppose 3*h = -h - 4*g - 252, h = g - 63. Let u = h + -327. What is the units digit of 1/(-2)*u/5?
9
Let f be -2 - ((-6)/10 - (-110)/(-25)). Let r = -11 - -24. Suppose 0 = f*v - r*v + 90. What is the units digit of v?
9
Let j = -2610 - -3786. Let t be 12/10*(-135)/(-54). Suppose j = 4*b + t*b. What is the tens digit of b?
6
Let t(v) = v**3 - 90*v**2 + 233*v - 84. What is the thousands digit of t(88)?
4
Suppose -329920 = 1088*h - 1108*h. What is the 